tor of 21603 and 120522.
1137
Calculate the greatest common divisor of 34515 and 2340.
585
What is the greatest common factor of 16 and 30816?
16
What is the greatest common factor of 9782 and 73?
73
What is the highest common divisor of 574 and 1446193?
287
Calculate the greatest common divisor of 779 and 1767551.
779
Calculate the highest common factor of 424528 and 169.
169
What is the highest common factor of 192828 and 84?
12
What is the greatest common divisor of 31524 and 777?
111
What is the greatest common divisor of 1051909 and 3655?
731
What is the highest common divisor of 2303 and 1176?
49
What is the greatest common factor of 246 and 148912?
82
What is the highest common divisor of 165 and 158160?
15
What is the greatest common divisor of 27081 and 1037?
17
Calculate the greatest common divisor of 5384 and 578107.
673
What is the greatest common divisor of 260 and 7060?
20
What is the greatest common factor of 191587 and 22?
11
What is the highest common factor of 22 and 544379?
11
What is the greatest common factor of 52 and 36257?
13
Calculate the highest common factor of 2835 and 1539.
81
What is the highest common factor of 1494690 and 30?
30
What is the greatest common factor of 12786 and 46?
2
What is the greatest common divisor of 1054 and 6095282?
1054
Calculate the highest common divisor of 6440200 and 5200.
2600
Calculate the greatest common factor of 1360 and 537455.
85
What is the highest common factor of 2 and 39367?
1
Calculate the greatest common divisor of 3078 and 1919.
19
What is the highest common factor of 48 and 71776?
16
Calculate the greatest common divisor of 10 and 5328060.
10
What is the highest common divisor of 51844 and 52?
52
What is the highest common factor of 373060 and 460?
460
What is the highest common divisor of 896 and 9352?
56
What is the greatest common divisor of 9 and 1280?
1
Calculate the highest common factor of 6 and 71763.
3
Calculate the greatest common divisor of 267994 and 376.
94
What is the highest common factor of 7661898 and 621?
621
Calculate the greatest common factor of 663918 and 510.
102
What is the highest common factor of 72 and 669972?
12
What is the highest common divisor of 151 and 3137?
1
Calculate the highest common factor of 8044 and 64.
4
What is the greatest common factor of 12 and 33392?
4
What is the highest common divisor of 4 and 137988?
4
Calculate the highest common factor of 72675 and 20.
5
Calculate the highest common divisor of 260562 and 42.
6
What is the greatest common divisor of 975 and 16510?
65
What is the greatest common factor of 940 and 4747?
47
What is the greatest common divisor of 10 and 2935580?
10
Calculate the greatest common factor of 1711 and 145.
29
What is the highest common divisor of 6735 and 34095?
15
Calculate the highest common divisor of 22413 and 13737.
723
Calculate the greatest common divisor of 5805 and 66048.
129
Calculate the greatest common divisor of 90 and 7389.
9
Calculate the highest common divisor of 1179 and 2331.
9
Calculate the highest common factor of 72 and 142317.
9
Calculate the highest common factor of 29295 and 2565.
135
What is the greatest common divisor of 240024 and 1022?
146
Calculate the highest common factor of 86 and 67037.
43
Calculate the highest common divisor of 97317 and 2079.
99
Calculate the greatest common factor of 720 and 17620.
20
Calculate the highest common factor of 2366722 and 1902.
634
What is the highest common divisor of 9495 and 135?
45
What is the greatest common factor of 71240 and 3510?
130
Calculate the highest common factor of 39 and 109551.
39
What is the highest common divisor of 102 and 29750?
34
What is the greatest common divisor of 30 and 82590?
30
What is the highest common divisor of 153 and 50328?
9
Calculate the highest common divisor of 184725 and 495.
45
Calculate the greatest common divisor of 3672 and 216104.
136
What is the greatest common factor of 536 and 544643?
67
Calculate the highest common divisor of 316 and 290088.
316
What is the greatest common factor of 234 and 15588?
18
Calculate the highest common factor of 12 and 137154.
6
Calculate the greatest common factor of 2268 and 16254.
378
Calculate the highest common divisor of 380 and 30340.
20
What is the greatest common divisor of 519 and 249?
3
Calculate the greatest common factor of 4544 and 464.
16
Calculate the highest common factor of 407 and 814.
407
Calculate the highest common divisor of 12648600 and 18.
18
What is the highest common divisor of 1781 and 87?
1
Calculate the greatest common factor of 170025 and 375.
75
Calculate the highest common factor of 2088 and 1266024.
696
Calculate the highest common factor of 724917 and 3.
3
Calculate the greatest common divisor of 2753 and 7.
1
Calculate the highest common factor of 3135 and 2085.
15
What is the highest common divisor of 138 and 32982?
138
What is the highest common divisor of 71 and 1114132?
71
What is the highest common factor of 44 and 1073336?
44
Calculate the highest common divisor of 118538 and 42.
14
What is the greatest common factor of 363 and 4587?
33
What is the highest common factor of 606000 and 22800?
1200
Calculate the highest common divisor of 581796 and 108.
108
Calculate the highest common factor of 576860 and 20.
20
What is the greatest common factor of 275 and 131975?
25
What is the greatest common divisor of 344400 and 4674?
246
What is the greatest common divisor of 1728 and 737208?
216
Calculate the greatest common divisor of 64 and 1255392.
32
What is the highest common divisor of 340 and 156740?
340
What is the greatest common factor of 148500 and 20?
20
What is the highest common divisor of 24 and 568488?
24
What is the greatest common divisor of 17670 and 69750?
930
What is the highest common factor of 105 and 127848?
21
Calculate the greatest common factor of 105 and 984495.
15
Calculate the highest common factor of 103281 and 2076.
519
What is the greatest common divisor of 6721 and 649?
11
What is the greatest common divisor of 111192 and 24?
24
What is the highest common factor of 179414 and 16?
2
Calculate the greatest common factor of 288 and 9657.
9
Calculate the greatest common factor of 176 and 56464.
16
What is the greatest common divisor of 65464 and 131596?
668
Calculate the greatest common divisor of 357 and 6972.
21
What is the highest common divisor of 13600 and 67600?
400
Calculate the greatest common divisor of 9100 and 21580.
260
What is the greatest common divisor of 374607 and 7704?
963
Calculate the greatest common divisor of 22165 and 9889.
341
Calculate the highest common divisor of 195 and 6539.
13
Calculate the greatest common factor of 9243541 and 2437.
2437
Calculate the greatest common factor of 337 and 7460506.
337
Calculate the highest common factor of 190 and 467362.
38
Calculate the greatest common factor of 58 and 11078.
58
Calculate the greatest common factor of 15 and 29183730.
15
What is the greatest common divisor of 1738 and 88?
22
Calculate the highest common factor of 2139 and 7998.
93
Calculate the greatest common divisor of 35 and 532861.
7
Calculate the greatest common factor of 2330 and 65.
5
Calculate the highest common factor of 1970555 and 2910.
485
Calculate the greatest common factor of 11112 and 888.
24
What is the greatest common divisor of 432 and 5464?
8
What is the greatest common factor of 10480 and 23?
1
Calculate the highest common divisor of 2760 and 1530.
30
Calculate the greatest common factor of 986 and 42311.
29
Calculate the highest common factor of 856 and 17441.
107
Calculate the greatest common factor of 135 and 388665.
135
What is the greatest common divisor of 2704 and 1846?
26
Calculate the greatest common factor of 16 and 11672.
8
Calculate the greatest common divisor of 29372 and 54.
2
What is the highest common divisor of 2047 and 115?
23
What is the greatest common divisor of 25402 and 312?
26
Calculate the greatest common factor of 937196 and 52.
52
Calculate the greatest common factor of 11826 and 48114.
162
Calculate the greatest common factor of 140 and 2720.
20
What is the highest common divisor of 12 and 64206?
6
Calculate the highest common divisor of 19525 and 30814.
71
What is the greatest common factor of 3619755 and 405?
135